 - (1 - -2)) + (42 - 41)?
-1
Evaluate -1 + (2 - 6 - -2 - -7).
4
(-2 - 2) + (-6 - -4 - -2)
-4
Calculate 10 - (5 - 0) - (1 + -3).
7
What is (0 - 3) + -9 + 7 + 5?
0
(-3 + 5 - 6) + (7 - 4)
-1
Evaluate -1 + 8 + (25 - 26).
6
What is the value of (3 - 3 - -2 - -6) + -4?
4
What is -1 + -1 + -6 + 5?
-3
What is the value of (-9 - -3) + (5 + -3 - -2)?
-2
-1 - 5 - (-16 + 14)
-4
Evaluate (2 - 0) + 1 - (2 + 1).
0
Evaluate -3 + 3 + 5 - (-2 + 2).
5
What is the value of -4 + -2 + 2 + 1 + 1?
-2
What is 2 + 7 + 1 + (-1 - 4)?
5
What is 5 + 1 + -3 + (-2 - -2)?
3
Calculate (-10 - -6) + (8 - 4) - 6.
-6
What is the value of 7 + -4 + -2 - (9 - 2)?
-6
Evaluate 7 - (3 + 0 + 1 + -1).
4
What is -4 - (-4 - (-2 + 5 - 6))?
-3
What is -8 - (-1 + (2 - 4))?
-5
-7 - -4 - -13 - 4
6
(-15 - -23) + (-4 - 0)
4
Calculate -5 + (0 + -1 + 0 - -7).
1
What is the value of 2 + -12 - (1 + -18)?
7
What is the value of 3 + (8 - (7 + 0))?
4
Calculate -10 + 0 + 0 + 2 - -3.
-5
Evaluate (-3 + 9 - 4 - 4) + -1.
-3
What is the value of (-4 - -2 - 8) + 22 + -20?
-8
-5 - (-2 + (8 - 7))
-4
Evaluate 1 - 14 - (-6 + -2).
-5
3 - 1 - ((-2 - 2) + 5)
1
What is 2 - (8 - 0 - 3)?
-3
Evaluate -8 + 9 - (-1 + 4) - -3.
1
-4 - (-5 + 6 + -3)
-2
What is (-3 - (1 - -2)) + 8?
2
What is 14 - 0 - 4 - 0?
10
What is -2 - 1 - (-4 + (-3 - -7))?
-3
(0 - 3) + 7 - 5
-1
What is (0 - (1 + -4)) + -9 + 7?
1
Calculate 0 + (2 - 4) + -4 - -6.
0
Calculate 38 + -39 + 2 + -10.
-9
Calculate 4 - (1 + 4) - 2.
-3
Calculate -3 - (-6 + 2 + (-2 - 0)).
3
What is (-1 - -5) + -20 + 15?
-1
-2 - (6 + -4) - -7
3
6 + (-4 + 11 - 6)
7
-4 + 4 + 0 + 2 - 4
-2
What is the value of 1 + -1 - (20 - 23)?
3
Evaluate 2 - (1 - 0 - 7).
8
What is the value of 2 - (-3 - (-5 + -5))?
-5
Calculate -1 + -1 + (-2 - -4 - -2).
2
Calculate -3 + 4 - (-23 + 18).
6
Evaluate 6 + (-5 - -10 - 13).
-2
2 - (-2 + 6 - 6) - -1
5
What is -1 + 2 + -2 - (9 + -12)?
2
What is 7 - (12 - (-11 + 18))?
2
What is (9 - (12 - 7)) + 0?
4
What is 0 - (-2 - (5 - 7))?
0
Calculate 12 + -1 + -17 + 7.
1
Calculate -1 - (-1 - (-8 + 4)).
-4
What is 6 + -2 + -7 + -1 + 0?
-4
Evaluate 0 - 5 - (-17 + 9).
3
Calculate -2 + (-2 - -5) + -30 + 25.
-4
What is the value of -1 + 1 + 1 + 1 + -3?
-1
Calculate -2 - (-18 - (5 - 8 - 2)).
11
What is the value of (-10 - (-21 - -3)) + -2?
6
Evaluate -6 + (5 - 6) + 6.
-1
What is 10 + 6 + -7 + -6?
3
Calculate -4 + 6 - (3 + 6 + -4).
-3
-1 - 0 - (-233 - -226)
6
Evaluate -2 + 4 + -6 + 9.
5
What is 3 - (-3 + -3 - (-6 + 2))?
5
-3 - (-9 - -4 - -3) - -12
11
What is the value of -4 + 16 - 8 - 4?
0
Calculate (8 - 11) + 11 + -8 + -2.
-2
What is the value of (-2 - (1 + 1)) + (12 - 11)?
-3
2 + -13 - (22 - 33)
0
Evaluate 1 + 2 + -5 + -16 + 16.
-2
What is the value of -20 + 9 + -5 + 6?
-10
2 + 4 + (0 - -3) + -11
-2
Calculate 7 - 4 - 4 - -2 - 8.
-7
What is the value of -4 + 7 - 5 - -4?
2
0 + -12 - (15 + -20) - -1
-6
1 + -2 + -19 + 10 + 7
-3
Evaluate 16 - 14 - (2 + 1).
-1
What is the value of 1 + (-1 - 2) + -2 + 2?
-2
Calculate 6 + 3 + 0 + -9 + 0.
0
Evaluate -1 - (-1 - (-3 + -3 + 7)).
1
Calculate -3 - -4 - (-4 - 1).
6
What is the value of 5 + -10 + 5 - -2?
2
What is (-22 - -29) + -6 + 1 - 6?
-4
What is 4 - 2 - (-6 - (-5 - -4))?
7
Evaluate 5 - (-1 - 4 - -5).
5
What is 0 + (-6 + -1 - -2) + 1?
-4
Calculate -6 + (-6 + 4 - -16) + -3.
5
Calculate (2 - 2 - -4) + -4 - 2.
-2
Evaluate (-4 - 1) + (2 - -2).
-1
Calculate (-2 - -1) + (-2 + 7 - 5).
-1
Evaluate 10 + -2 - (4 + 11 + -14).
7
(-3 - -1) + 2 + 3
3
Calculate 6 + (4 - 7) + (1 - 1).
3
What is (3 - (-2 + 2)) + 36 + -42?
-3
What is the value of -2 + -20 + 10 - -10?
-2
(-15 - (9 - 19)) + (0 - -4)
-1
What is (1 + 0 - 1) + -4?
-4
What is 5 - (7 - 0 - (-28 + 36))?
6
Evaluate -14 - ((13 - 3) + -20).
-4
(26 + -8 - 24) + 2 + -4
-8
Evaluate (1 - 1) + 3 + -3 + -2.
-2
What is the value of 1 - (-5 - (5 + -8)) - 1?
2
What is -1 - (1 - (2 - -3))?
3
(-3 - (-3 + 6)) + (0 - -1)
-5
What is the value of -6 - (-3 + 3 - 0)?
-6
Calculate -6 + (1 - 1) + 11 + -12.
-7
What is (0 + -3 - 0) + 4 - 0?
1
Calculate -1 + -6 - -2 - (2 - 8).
1
-3 + 7 - 2 - (-8 + 9)
1
What is -3 - 0 - (15 + -20) - 0?
2
Evaluate -4 + -3 + (-3 - (-9 + 4)).
-5
Evaluate -6 + -2 + 14 - (-1 - -3).
4
4 + (8 - 16) + 2
-2
Calculate -7 - (2 - -3 - (4 - -2)).
-6
Calculate (2 - (0 + 4) - -1) + 3.
2
Calculate 6 + -1 - (-9 - -19).
-5
What is (3 - ((-1 - 3) + 3)) + -4?
0
Calculate (-26 + 6 - -14) + 8.
2
What is the value of 3 + (-4 - -4) + 0 + -7?
-4
5 + -3 + 7 + -14
-5
(-2 - -7 - (5 + -2)) + -6
-4
What is the value of -3 - (0 - (3 - 0))?
0
Evaluate 19 - 11 - (12 + 2).
-6
What is -6 + (5 - 4) - -5?
0
What is -6 + (5 - -6) + -6?
-1
(-5 - (-10 - 2)) + -7
0
-8 + 5 + 12 - 9
0
What is -11 - (-1 - (4 + -3) - 3)?
-6
What is 2 + -4 + 1 + 2?
1
Evaluate (1 - 3) + (17 - 19).
-4
(7 - (-1 - -10)) + -3
-5
Calculate 0 + (5 - (1 + (1 - -5))).
-2
What is the value of (0 - -5) + -4 + -5?
-4
What is -8 + 5 + 0 - 3?
-6
What is the value of -1 - (-2 + (7 - 6))?
0
0 + -3 + 0 + 1
-2
What is 9 - (12 - 2) - 6?
-7
Calculate 2 + -9 + 12 + -1.
4
Evaluate 0 + -10 + -85 + 88.
-7
1 + 9 + -1 + -15
-6
What is (2 - 6) + (-3 - 2) + 5?
-4
3 - (0 + 2 + 1)
0
Calculate -24 + 22 + -3 + (-1 - -11).
5
What is -12 + (-10 - -12) + 7?
-3
-9 + 7 + 6 + -2 + -5
-3
What is -14 + 16 - (-2 - -1)?
3
What is the value of (6 - -2) + -9 - (-1 + 1)?
-1
(-18 - -11) + (7 - 5)
-5
What is the value of (1 + 1 - 5) + 2 - -2?
1
(-1 - -9) + (-4 - 0)
4
What is the value of -2 - 4 - (-4 + 2)?
-4
Evaluate -1 - (-1 + 4 - (-26 + 24)).
-6
Evaluate (-1 + -1 - 1) + 1 + 7.
5
What is 9 - 24 - (1 + -10)?
-6
Calculate 1 + (-3 - -1) + (-15 - -13).
-3
Calculate (-8 - (-5 + (-3 - -6))) + 6.
0
What is the value of 3 + 3 + -9 - (4 + 1)?
-8
What is -1 + -1 - (7 + -12)?
3
-7 + 1 - (1 + 15 - 18)
-4
Evaluate (0 + 5 - 7) + 6.
4
Evaluate -16 + 9 - ((3 - 3) + 0).
-7
What is the value of 5 + -2 - (-6 + 12) - -7?
4
What is the value of -2 + 1 + 15 + (13 - 33)?
-6
Evaluate (-4 - (4 + 7 - 6)) + 2.
-7
Calculate -16 - (-1 + -7) - -2.
-6
What is the value of -1 + -6 - (11 + -14)?
-4
What is the value of 16 - (-3 - -8 - -2) - 6?
3
What is -8 + (1 - (3 + -8))?
-2
What is (3 - 1) + 0 - (8 + -11)?
5
What is (-5 + 3 - -2) + -1?
-1
5 + 2 + (-6 - 11) + 3
-7
What is 4 + (-3 - (5 - 6)) - -6?
8
Calculate -5 - (1 - 5) - (-4 - -1).
2
Evaluate 6 + (-6 - -5 - 4).
1
What is -2 - (3 + -4 - -2)?
-3
What is -3 + 5 - 2 - (-5 - 2)?
7
(-2 - (-6 + 3)) + -1
0
Calculate 0 - (10 - 8 - 3).
1
Calculate -21 + 23 - (4 + -1 - 1).
0
-3 + 1 - (11 + -18)
5
Calculate 2 - 8 - (-1 - 1).
-4
Calculate 3 - ((7 - 3) + -4).
3
Calculate 4 + (3 + -3 - 1) + -1.
2
Calculate -6 + (20 - 7) - 4.
3
-15 + 16 + 10 + -14
-3
Evaluate 10 + 5 + -6 + -4.
5
Calculate 2 + (-1 - -7) + -4.
4
Evaluate (11 - (1 - 2)) + -19.
-7
Evaluate 12 + (-13 - (9 + -9)).
-1
-3 - (-9 - (4 - 4)) - 5
1
-3 + (10 - 8) + -7 + 13
5
1 + -4 + -17 + 23
3
248 + -248 + 0 + 1
1
Calculate -14 + (-3 + 10 - 1).
-8
What is the value of 1 - (-5 - -8 - -2) - -10?
6
Evaluate -26 + 21 - (7 - (3 - 1)).
-10
7 + (-16 - -7) + 5
3
What is the value of 6 + (-5 - (-7 - -5)) - 4?
-1
-3 - 0 - (-3 + 1)
-1
Evaluate -8 + 1 + (-12 - -17).
-2
What is 4 + (3 - 8) + -2?
-3
Calculate 3 - 4 - (-6 + 0).
5
What is the value of (-6 - 1) + (-1 - 1 - -4)?
-5
Calculate -5 + -1 + 9 + -3.
0
Calculate 5 - (-2 - (-1 - 4) - 2).
4
Evaluate 0 + 0 + 4 - 4 - 4.
-4
Calculate -6 + 12 + (0 - 1) + -3.
2
Evaluate 207 - 204 - (7 + -1).
-3
What is -5 + (1 - (-10 - -3))?
3
What is -5 + ((1 - 9) + 3 - -4)?
-6
Calculate -11 + 17 + (0 - 0) - 10.
-4
What is 0 + 14 + (17 + -8 - 16)?
7
What is -7 + 5 - (6 + -8 + -6)?
6
What is the value of -8 + -1 - (-3 - 1)?
-5
What is -3 - (-3 - 0 - 2)?
2
-2 + 1 + 7 + (1 - 3)
4
23 + -27 + 7 + 0
3
Evaluate -5 + 0 + (-3 - (-3 - 2)).
-3
What is the value of -4 - (-3 - 3) - (3 - 0)?
-1
(2 - (1 + 4)) + 7
4
What is the value of 2 + (0 + 1 - 4)?
-1
Evaluate -124 - -139 - (0 + 5).
10
2 + -4 - (-1 - (2 + 0))
1
Calculate 5 - (-1 - (-5 + 4 - 1)).
4
Evaluate 2 - (12 - (11 + -3 + -3)).
-5
What is the value of -1 - -7 - ((-5 - 5) + 10)?
6
Calculate -5 + (7 - (-1 - 0 - -4)).
-1
Calculate (-7 - (-3 - -1)) + 2.
-3
4 - 1 - (1 + -1 + 1)
2
Evaluate 3 + (-3 - (3 + -2)) + -3.
-4
Calculate 0 + -7 + (-2 - -5).
-4
Calculate (-1 - -1) + 12 + -5.
7
Evaluate 0 + -2 + (-1 - -5) - 0.
2
What is the value of 1 + (2 - -3 - 4)?
2
What is 1 + 6 + (-